 Let n be i(-24). What is the highest common divisor of n and 22?
11
Let p be (-8 - (-45 - 2)) + 0. What is the highest common factor of 78 and p?
39
Suppose 2*v - 2*c - 66 = 0, v - 5*c = 3*v - 38. Calculate the greatest common divisor of v and 1421.
29
Let j(y) = -44*y + 200. Let t be j(4). Suppose 34 + 18 = w + 5*g, -4*w + 4*g = -112. Calculate the highest common divisor of t and w.
8
Let a be (-274)/(-10) - (-2)/(-5). Let p(h) = -2*h**3 - 18*h**2 - 26*h - 216. Let o be p(-9). Calculate the greatest common factor of o and a.
9
Suppose 0 = -5*j + 3*p + 847, -5*j + 5*p = 7*p - 852. Calculate the highest common divisor of j and 20.
10
Let w be 4 + (-4)/16*-4. Suppose 2*b + 17 = 3*b + 5*r, -w*b = -5*r + 5. What is the greatest common factor of 6 and b?
2
Let p(k) = k**3 - 10*k**2 + 15*k - 114. Let j be p(10). What is the greatest common divisor of 135 and j?
9
Suppose x + x + 4*b = 38, b - 52 = -3*x. What is the greatest common divisor of x and 136?
17
Suppose 0*z + 2*z = -28. Let f = -4 - z. Suppose -i = 3*j - 10, -3*j = f + 5. What is the greatest common divisor of 125 and i?
25
Let r = -6 - -2. Let k be 3 + r + 2 + 3. Suppose 0 = k*h - 289 + 65. Calculate the greatest common factor of h and 7.
7
Let f be -2*(-1 - (-1011)/(-6)). Suppose -3*u = 3*s - 7*s - 200, -5*u + f = -s. What is the greatest common divisor of u and 17?
17
Suppose -22*z - 16 = -30*z. Let c = -11 - -23. What is the greatest common factor of c and z?
2
Let u(y) = -2*y**3 + 31*y**2 + 21*y - 59. Let o be u(16). Calculate the highest common divisor of 1701 and o.
21
Let s = 9 - 11. Let q be (68/6)/(s/9). Let b = q - -75. Calculate the highest common divisor of 6 and b.
6
Let y be (4/(-24))/((-6)/36). Let o be (-2)/(((-6)/(-48))/((-4)/y)). What is the greatest common factor of 32 and o?
32
Let t(d) be the third derivative of d**5/5 + d**4/8 + d**3/3 - d**2. Let a be t(-2). Let h = a + -24. What is the highest common factor of h and 40?
20
Let i = 99 - 63. What is the greatest common factor of 4 and i?
4
Let d = 16 + -6. Calculate the greatest common divisor of d and 430.
10
Suppose -7*y + 6*y + 3 = 0. Suppose 3*p - 138 = -4*t, -5*t = -p - y*t + 36. Calculate the highest common factor of p and 63.
21
Let f = -341 + 392. Calculate the greatest common divisor of 459 and f.
51
Let k be (6 - 22)*(-4)/8. Calculate the greatest common factor of 120 and k.
8
Suppose 5*p - 25 = 5*f, -10*p + 6*p = f - 35. What is the highest common factor of 6 and p?
2
Let k = -130 + 290. Suppose 4*w - 5*p - 95 = 0, 0*w - 3*p = -w + 29. What is the greatest common divisor of w and k?
20
Suppose 17 = -10*d + 97. Suppose -218 - 1318 = -d*a. Calculate the highest common factor of 24 and a.
24
Suppose 0 = 79*w - 81*w + 14, 3*y - 5*w - 61 = 0. Let g be (6/2)/1 - -1. Suppose -g*a + 42 = -22. What is the greatest common factor of y and a?
16
Let s(o) = 6*o**2 + 4 - 4*o**2 + 6*o - 3*o**2. Let f be s(5). Let m = f + 178. Calculate the highest common factor of m and 17.
17
Suppose 0 = 17*o + 31*o - 528. What is the highest common factor of 88 and o?
11
Suppose 5 = -0*v + 5*v. Let f = v - 7. Let x be f/(-2) - (-2 - 155). What is the highest common factor of 20 and x?
20
Suppose -3*a + 23 + 106 = 0. Suppose 5*w + f = a, -4*f + 34 = 2*w + 6. Calculate the greatest common factor of w and 20.
4
Let p = 126 - 102. Calculate the highest common divisor of p and 84.
12
Let v(x) = 71*x - 15. Let h be v(-2). Let p = h + 274. Calculate the highest common factor of 9 and p.
9
Let f be ((-4)/6)/((-14)/441). Calculate the greatest common divisor of 14 and f.
7
Let l = -51 - -55. Suppose -5*h + 210 = 5*a, l*h + 182 = 5*a + 2*h. What is the highest common factor of 38 and a?
38
Let n(l) = -l - 1. Let a be n(-2). Let g = 11 - a. Let b be 0 - (-84)/63 - (-6)/27*39. What is the highest common divisor of b and g?
10
Let r(v) = -v**3 - 5*v**2 + 15*v + 9. Let w be r(-7). Suppose -3*h = 3*m - 24, -6*m - 24 = -3*h - w*m. Calculate the highest common factor of 56 and h.
8
Suppose h + 3*f - 44 = f, 0 = 3*f + 15. Let l = -8 + 44. What is the highest common divisor of h and l?
18
Let b = -314 + 440. What is the greatest common divisor of b and 90?
18
Suppose 3*m = -2*i - 2, -4*m + 1 = i + 7. Suppose u = 5*u - 2*w - 8, 2 = 2*u - 2*w. Suppose -u*s - 3 = -9. What is the greatest common factor of i and s?
2
Let b = 1256 - 891. Suppose 2*p = -0*p + 5*k + b, k + 5 = 0. Let c = 207 + -139. Calculate the highest common factor of p and c.
34
Let i = -8 - -8. Suppose 4*k - 12 = -i*k. Calculate the highest common divisor of 9 and k.
3
Let l be ((-4)/6)/(584/(-72) + 8). Suppose 4*q - 14 = -5*r, 7*r - 3*r + q = 9. What is the greatest common factor of l and r?
2
Suppose 6556 = 11*k - 924. What is the highest common factor of 85 and k?
85
Suppose 102*r - 23404 = 21476. What is the highest common factor of 176 and r?
88
Let n = -89 - -36. Let u = n + 62. Calculate the greatest common factor of u and 90.
9
Suppose -j - 4*q = -9*q - 25, 10 = -j - 2*q. Suppose -4*o + 51 = 2*v - 37, j = 3*o + 5*v - 52. What is the highest common divisor of o and 6?
6
Let x(m) = m**2 - 43. Let a be x(-7). Let n be (-4)/a + (-200)/(-12). Suppose -g + 0*g = -4. Calculate the highest common divisor of n and g.
4
Let m = -711 - -847. What is the highest common factor of 17 and m?
17
Suppose -5*q - 59 = -4*b, 0 = 5*q - 0*q - 3*b + 58. Let m = q + 20. What is the highest common divisor of m and 63?
9
Let h(b) = 6*b**2 - 4*b - b**2 - 2*b**2 - 2*b**2 + 6. Let t be h(3). Let y = 7 + t. Calculate the highest common factor of 10 and y.
10
Let t(x) be the third derivative of -x**4/2 - 4*x**3/3 + 12*x**2. Let w be t(-9). What is the greatest common factor of 25 and w?
25
Suppose 9 = 4*s - 3*q - 2, 0 = -5*s - q + 9. Suppose u + 0*u - s = 0. Calculate the highest common divisor of u and 3.
1
Suppose -5*l - 23 + 303 = 0. Let x = -5 + 15. Let p be x/(-10) - (-7 + -1). Calculate the greatest common divisor of p and l.
7
Suppose 23*h + 102 = 17*h. Let t be (-2 + 11)*(0 + -3). Let d = h - t. What is the greatest common factor of 20 and d?
10
Suppose m + 3*c - c - 543 = 0, -4*m + 2184 = 4*c. Calculate the greatest common divisor of 61 and m.
61
Let p be (-74)/(-6) - 4/12. Let w be 14 + p + (0 - -1). Let b be w/2*(-2)/(-3). Calculate the highest common factor of b and 63.
9
Let s be ((-58)/(-6))/(((-20)/135)/(-4)). Calculate the greatest common factor of s and 174.
87
Suppose i - 3*n - 521 = 0, -4*i + 2*n + 119 + 1995 = 0. What is the greatest common divisor of 10 and i?
10
Suppose 3*z = -h - z + 75, -5*h + 3*z = -260. What is the highest common divisor of 44 and h?
11
Let t be 10*1*(-2)/(-4). Let c = 7 + -3. Suppose -11 + 289 = 5*s - p, -c*s + 229 = -3*p. What is the highest common divisor of t and s?
5
Let v = -2026 - -2442. Calculate the highest common divisor of v and 364.
52
Suppose -6*f + 11 = -5*f. Suppose 4*n - 17 = 5*g, 5*g + 3 = -2. Suppose -22 = n*v - 5*v. Calculate the greatest common factor of f and v.
11
Suppose 3*i - 1 = 4*i, 0 = 3*g + 3*i - 3. Suppose -8*v = -7*v + 3*a - 43, v - 49 = -5*a. Calculate the greatest common divisor of v and g.
2
Let i be 12 + -14 + (-10)/(-2). Suppose -5*r + 2*x = -i*x + 300, 2*x = -r - 54. Let h = 94 + r. What is the greatest common factor of h and 4?
4
Suppose 2*r - 3*t = 207, 6*r + 213 = 8*r - 5*t. What is the highest common divisor of r and 22?
11
Let g(w) = -w**3 - 6*w**2 - 5*w + 9. Let u be g(-7). Let t = u - 69. What is the greatest common factor of 48 and t?
24
Suppose -185 = -f - 2*b, 4*b - 212 = -f - 21. Suppose 0 = -s - 4*q + f, s + 4*q = q + 177. What is the greatest common factor of s and 9?
9
Let t = 4353 - 2976. What is the highest common divisor of t and 51?
51
Let u be (3 - -1)/(-1) - 36/(-6). Let v be (-4)/10*1155/(-28)*u. Calculate the highest common divisor of v and 3.
3
Let l(b) = 9*b**3 - b**2 + 3*b. Let j be l(2). Calculate the greatest common factor of 1702 and j.
74
Let u be (20/(-40))/(1/2). Let r be 336/6 - (0 + -3) - u. What is the highest common divisor of r and 40?
20
Suppose -x - 19 = -5*f, -4*f = 3*x - 6*x - 24. Let i be (-193)/x + 6/8. What is the greatest common divisor of i and 7?
7
Let y = 18 - 54. Let x be (-154)/(-6) - y/(-54). What is the highest common factor of x and 225?
25
Let h = -15 + 17. Let u(t) = -t**2 + t